{"id":1156,"date":"2025-01-26T17:07:12","date_gmt":"2025-01-26T16:07:12","guid":{"rendered":"https:\/\/www.alzheimer-radebeul.de\/start\/?page_id=1156"},"modified":"2025-01-26T17:57:07","modified_gmt":"2025-01-26T16:57:07","slug":"ueber-demenz","status":"publish","type":"page","link":"https:\/\/www.alzheimer-radebeul.de\/start\/ueber-demenz\/","title":{"rendered":"\u00dcber Demenz"},"content":{"rendered":"<p>[et_pb_section fb_built=&#8220;1&#8243; admin_label=&#8220;Header&#8220; _builder_version=&#8220;4.27.4&#8243; _module_preset=&#8220;default&#8220; use_background_color_gradient=&#8220;on&#8220; background_color_gradient_stops=&#8220;rgba(0,0,0,0.3) 0%|rgba(0,0,0,0.3) 100%&#8220; background_color_gradient_overlays_image=&#8220;on&#8220; background_image=&#8220;https:\/\/www.alzheimer-radebeul.de\/wp-content\/uploads\/Ueber-Demenz.jpg&#8220; background_position=&#8220;bottom_center&#8220; min_height=&#8220;387px&#8220; custom_padding=&#8220;147px||25px|||&#8220; locked=&#8220;off&#8220; collapsed=&#8220;on&#8220; global_colors_info=&#8220;{}&#8220;][et_pb_row _builder_version=&#8220;4.22.0&#8243; _module_preset=&#8220;default&#8220; global_colors_info=&#8220;{}&#8220;][et_pb_column type=&#8220;4_4&#8243; _builder_version=&#8220;4.22.0&#8243; _module_preset=&#8220;default&#8220; custom_padding=&#8220;60px||60px||true|false&#8220; custom_padding_tablet=&#8220;0px||0px||true|false&#8220; custom_padding_phone=&#8220;0px||0px||true|false&#8220; custom_padding_last_edited=&#8220;on|desktop&#8220; global_colors_info=&#8220;{}&#8220;][\/et_pb_column][\/et_pb_row][\/et_pb_section][et_pb_section fb_built=&#8220;1&#8243; admin_label=&#8220;Footer Links&#8220; _builder_version=&#8220;4.22.0&#8243; _module_preset=&#8220;default&#8220; collapsed=&#8220;on&#8220; global_colors_info=&#8220;{}&#8220;][et_pb_row _builder_version=&#8220;4.27.4&#8243; _module_preset=&#8220;default&#8220; global_colors_info=&#8220;{}&#8220;][et_pb_column type=&#8220;4_4&#8243; _builder_version=&#8220;4.27.4&#8243; _module_preset=&#8220;default&#8220; global_colors_info=&#8220;{}&#8220;][et_pb_text _builder_version=&#8220;4.27.4&#8243; _module_preset=&#8220;default&#8220; text_text_color=&#8220;#0A161F&#8220; text_font_size=&#8220;16px&#8220; text_line_height=&#8220;1.8em&#8220; header_text_color=&#8220;#E30A15&#8243; hover_enabled=&#8220;0&#8243; global_colors_info=&#8220;{}&#8220; header_font_size=&#8220;53px&#8220; sticky_enabled=&#8220;0&#8243;]<\/p>\n<h1 style=\"font-weight: 400;\"><strong>Demenz<\/strong><\/h1>\n<p><strong><\/strong><\/p>\n<p><strong><\/strong><\/p>\n<p><strong><\/strong><\/p>\n<p style=\"font-weight: 400;\">Vergessen kann vieles sein: Zufall, Verdr\u00e4ngung, Heilung \u2011 oder eine Krankheit, die behindert. Fast immer ist es ein Verlust. An Demenz erkrankte Menschen verlieren fortschreitend Aufmerksamkeit, Denken, Sprache, ihren Lebensantrieb, die optische Wahrnehmung oder sogar ihre Pers\u00f6nlichkeit. Das Gef\u00fchl f\u00fcr Zeit kann ebenso verschwinden wie die gute Stimmung und soziale Beziehungen. Dennoch haben sie das Recht auf W\u00fcrde und Lebenskultur f\u00fcr alle Zeit, die ihnen bleibt.<\/p>\n<p style=\"font-weight: 400;\">Im Landkreis Mei\u00dfen leben zirka 4.800 Mitmenschen mit der Diagnose Demenz. Wahrscheinlich sind es mehr Betroffene, denn die Erkrankung kommt leise, langsam und bleibt manchmal l\u00e4ngere Zeit unerkannt.<\/p>\n<p style=\"font-weight: 400;\">\u00c4rzte, Psychologen, Ergotherapeuten und pflegende Mitmenschen k\u00fcmmern sich immer besser um die Linderung ihrer Beschwerden.<\/p>\n<p style=\"font-weight: 400;\">Das ist sehr gut, aber nicht genug. Denn es kommt auf uns alle an. Demenzkranke sind nicht schlagartig hinf\u00e4llig. Sie lieben ihre Familie, sie haben Freunde, ehemalige Klassenkameraden, Nachbarn. So lange, wie ihnen der Kontakt zu diesen Menschen erhalten bleibt.<\/p>\n<p style=\"font-weight: 400;\">Die Krankheit des Vergessens ist ein schweres Los. Machen wir sie nicht durch Ausweichen, Vermeiden und Ignoranz zu einem erdr\u00fcckenden Schicksal. Schenken wir von uns, was unsere kranken Mitmenschen brauchen: Aufmerksamkeit, Sicherheit, liebevolle Zuwendung. Das Leben ist es immer wert. Auch mit der Diagnose Demenz.<\/p>\n<p style=\"font-weight: 400;\">\n<p style=\"font-weight: 400;\">\n<p style=\"font-weight: 400;\">Weitere Informationen finden Sie auf der Homepage der Deutschen Alzheimer Gesellschaft e.V.:<\/p>\n<p style=\"font-weight: 400;\">\n<ul style=\"font-weight: 400;\">\n<li><a href=\"https:\/\/www.deutsche-alzheimer.de\/fileadmin\/alz\/pdf\/factsheets\/infoblatt1_haeufigkeit_demenzerkrankungen_dalzg.pdf\" target=\"_blank\" rel=\"noopener\">Die H\u00e4ufigkeit von Demenzerkrankungen<\/a><\/li>\n<li><a href=\"https:\/\/www.deutsche-alzheimer.de\/fileadmin\/alz\/pdf\/factsheets\/FactSheet02_01.pdf\" target=\"_blank\" rel=\"noopener\">Die neurobiologischen Grundlagen der Alzheimer-Krankheit<\/a><\/li>\n<li><span style=\"font-size: 16px;\"><\/span><a href=\"https:\/\/www.deutsche-alzheimer.de\/fileadmin\/alz\/pdf\/factsheets\/FactSheet04_01.pdf\" style=\"font-size: 16px;\" target=\"_blank\" rel=\"noopener\">Die Genetik der Alzheimer-Krankheit<\/a><\/li>\n<\/ul>\n<p>[\/et_pb_text][\/et_pb_column][\/et_pb_row][\/et_pb_section][et_pb_section fb_built=&#8220;1&#8243; admin_label=&#8220;Footer Copyright&#8220; _builder_version=&#8220;4.22.0&#8243; _module_preset=&#8220;default&#8220; background_color=&#8220;#000000&#8243; custom_padding=&#8220;0px||0px||true|false&#8220; collapsed=&#8220;on&#8220; global_colors_info=&#8220;{}&#8220;][et_pb_row _builder_version=&#8220;4.22.0&#8243; _module_preset=&#8220;default&#8220; global_colors_info=&#8220;{}&#8220;][et_pb_column type=&#8220;4_4&#8243; _builder_version=&#8220;4.22.0&#8243; _module_preset=&#8220;default&#8220; global_colors_info=&#8220;{}&#8220;][et_pb_text _builder_version=&#8220;4.22.0&#8243; _dynamic_attributes=&#8220;content&#8220; _module_preset=&#8220;_initial&#8220; text_font_size=&#8220;16px&#8220; text_line_height=&#8220;1.8em&#8220; text_orientation=&#8220;center&#8220; text_font_size_tablet=&#8220;15px&#8220; text_font_size_phone=&#8220;14px&#8220; text_font_size_last_edited=&#8220;on|desktop&#8220; global_colors_info=&#8220;{}&#8220;]@ET-DC@eyJkeW5hbWljIjp0cnVlLCJjb250ZW50IjoiY3VycmVudF9kYXRlIiwic2V0dGluZ3MiOnsiYmVmb3JlIjoiQ29weXJpZ2h0ICZjb3B5OyAiLCJhZnRlciI6IiBEaXZpLiBBbGwgUmlnaHRzIFJlc2VydmVkLiIsImRhdGVfZm9ybWF0IjoiY3VzdG9tIiwiY3VzdG9tX2RhdGVfZm9ybWF0IjoiWSJ9fQ==@[\/et_pb_text][\/et_pb_column][\/et_pb_row][\/et_pb_section]<\/p>\n","protected":false},"excerpt":{"rendered":"<p>Demenz Vergessen kann vieles sein: Zufall, Verdr\u00e4ngung, Heilung \u2011 oder eine Krankheit, die behindert. Fast immer ist es ein Verlust. An Demenz erkrankte Menschen verlieren fortschreitend Aufmerksamkeit, Denken, Sprache, ihren Lebensantrieb, die optische Wahrnehmung oder sogar ihre Pers\u00f6nlichkeit. Das Gef\u00fchl f\u00fcr Zeit kann ebenso verschwinden wie die gute Stimmung und soziale Beziehungen. Dennoch haben sie [&hellip;]<\/p>\n","protected":false},"author":3,"featured_media":0,"parent":0,"menu_order":0,"comment_status":"closed","ping_status":"closed","template":"","meta":{"_et_pb_use_builder":"on","_et_pb_old_content":"","_et_gb_content_width":"","footnotes":""},"class_list":["post-1156","page","type-page","status-publish","hentry"],"_links":{"self":[{"href":"https:\/\/www.alzheimer-radebeul.de\/start\/wp-json\/wp\/v2\/pages\/1156","targetHints":{"allow":["GET"]}}],"collection":[{"href":"https:\/\/www.alzheimer-radebeul.de\/start\/wp-json\/wp\/v2\/pages"}],"about":[{"href":"https:\/\/www.alzheimer-radebeul.de\/start\/wp-json\/wp\/v2\/types\/page"}],"author":[{"embeddable":true,"href":"https:\/\/www.alzheimer-radebeul.de\/start\/wp-json\/wp\/v2\/users\/3"}],"replies":[{"embeddable":true,"href":"https:\/\/www.alzheimer-radebeul.de\/start\/wp-json\/wp\/v2\/comments?post=1156"}],"version-history":[{"count":5,"href":"https:\/\/www.alzheimer-radebeul.de\/start\/wp-json\/wp\/v2\/pages\/1156\/revisions"}],"predecessor-version":[{"id":1184,"href":"https:\/\/www.alzheimer-radebeul.de\/start\/wp-json\/wp\/v2\/pages\/1156\/revisions\/1184"}],"wp:attachment":[{"href":"https:\/\/www.alzheimer-radebeul.de\/start\/wp-json\/wp\/v2\/media?parent=1156"}],"curies":[{"name":"wp","href":"https:\/\/api.w.org\/{rel}","templated":true}]}}

Über Demenz

<p>[et_pb_section fb_built=&#8220;1&#8243; admin_label=&#8220;Header&#8220; _builder_version=&#8220;4.27.4&#8243; _module_preset=&#8220;default&#8220; use_background_color_gradient=&#8220;on&#8220; background_color_gradient_stops=&#8220;rgba(0,0,0,0.3) 0%|rgba(0,0,0,0.3) 100%&#8220; background_color_gradient_overlays_image=&#8220;on&#8220; background_image=&#8220;https://www.alzheimer-radebeul.de/wp-content/uploads/Ueber-Demenz.jpg&#8220; background_position=&#8220;bottom_center&#8220; min_height=&#8220;387px&#8220; custom_padding=&#8220;147px||25px|||&#8220; locked=&#8220;off&#8220; collapsed=&#8220;on&#8220; global_colors_info=&#8220;{}&#8220;][et_pb_row _builder_version=&#8220;4.22.0&#8243; _module_preset=&#8220;default&#8220; global_colors_info=&#8220;{}&#8220;][et_pb_column type=&#8220;4_4&#8243; _builder_version=&#8220;4.22.0&#8243; _module_preset=&#8220;default&#8220; custom_padding=&#8220;60px||60px||true|false&#8220; custom_padding_tablet=&#8220;0px||0px||true|false&#8220; custom_padding_phone=&#8220;0px||0px||true|false&#8220; custom_padding_last_edited=&#8220;on|desktop&#8220; global_colors_info=&#8220;{}&#8220;][/et_pb_column][/et_pb_row][/et_pb_section][et_pb_section fb_built=&#8220;1&#8243; admin_label=&#8220;Footer Links&#8220; _builder_version=&#8220;4.22.0&#8243; _module_preset=&#8220;default&#8220; collapsed=&#8220;on&#8220; global_colors_info=&#8220;{}&#8220;][et_pb_row _builder_version=&#8220;4.27.4&#8243; _module_preset=&#8220;default&#8220; global_colors_info=&#8220;{}&#8220;][et_pb_column type=&#8220;4_4&#8243; _builder_version=&#8220;4.27.4&#8243; _module_preset=&#8220;default&#8220; global_colors_info=&#8220;{}&#8220;][et_pb_text _builder_version=&#8220;4.27.4&#8243; _module_preset=&#8220;default&#8220; text_text_color=&#8220;#0A161F&#8220; text_font_size=&#8220;16px&#8220; text_line_height=&#8220;1.8em&#8220; header_text_color=&#8220;#E30A15&#8243; hover_enabled=&#8220;0&#8243; global_colors_info=&#8220;{}&#8220; header_font_size=&#8220;53px&#8220; sticky_enabled=&#8220;0&#8243;]</p>
<h1 style="font-weight: 400;"><strong>Demenz</strong></h1>
<p><strong></strong></p>
<p><strong></strong></p>
<p><strong></strong></p>
<p style="font-weight: 400;">Vergessen kann vieles sein: Zufall, Verdrängung, Heilung ‑ oder eine Krankheit, die behindert. Fast immer ist es ein Verlust. An Demenz erkrankte Menschen verlieren fortschreitend Aufmerksamkeit, Denken, Sprache, ihren Lebensantrieb, die optische Wahrnehmung oder sogar ihre Persönlichkeit. Das Gefühl für Zeit kann ebenso verschwinden wie die gute Stimmung und soziale Beziehungen. Dennoch haben sie das Recht auf Würde und Lebenskultur für alle Zeit, die ihnen bleibt.</p>
<p style="font-weight: 400;">Im Landkreis Meißen leben zirka 4.800 Mitmenschen mit der Diagnose Demenz. Wahrscheinlich sind es mehr Betroffene, denn die Erkrankung kommt leise, langsam und bleibt manchmal längere Zeit unerkannt.</p>
<p style="font-weight: 400;">Ärzte, Psychologen, Ergotherapeuten und pflegende Mitmenschen kümmern sich immer besser um die Linderung ihrer Beschwerden.</p>
<p style="font-weight: 400;">Das ist sehr gut, aber nicht genug. Denn es kommt auf uns alle an. Demenzkranke sind nicht schlagartig hinfällig. Sie lieben ihre Familie, sie haben Freunde, ehemalige Klassenkameraden, Nachbarn. So lange, wie ihnen der Kontakt zu diesen Menschen erhalten bleibt.</p>
<p style="font-weight: 400;">Die Krankheit des Vergessens ist ein schweres Los. Machen wir sie nicht durch Ausweichen, Vermeiden und Ignoranz zu einem erdrückenden Schicksal. Schenken wir von uns, was unsere kranken Mitmenschen brauchen: Aufmerksamkeit, Sicherheit, liebevolle Zuwendung. Das Leben ist es immer wert. Auch mit der Diagnose Demenz.</p>
<p style="font-weight: 400;">
<p style="font-weight: 400;">
<p style="font-weight: 400;">Weitere Informationen finden Sie auf der Homepage der Deutschen Alzheimer Gesellschaft e.V.:</p>
<p style="font-weight: 400;">
<ul style="font-weight: 400;">
<li><a href="https://www.deutsche-alzheimer.de/fileadmin/alz/pdf/factsheets/infoblatt1_haeufigkeit_demenzerkrankungen_dalzg.pdf" target="_blank" rel="noopener">Die Häufigkeit von Demenzerkrankungen</a></li>
<li><a href="https://www.deutsche-alzheimer.de/fileadmin/alz/pdf/factsheets/FactSheet02_01.pdf" target="_blank" rel="noopener">Die neurobiologischen Grundlagen der Alzheimer-Krankheit</a></li>
<li><span style="font-size: 16px;"></span><a href="https://www.deutsche-alzheimer.de/fileadmin/alz/pdf/factsheets/FactSheet04_01.pdf" style="font-size: 16px;" target="_blank" rel="noopener">Die Genetik der Alzheimer-Krankheit</a></li>
</ul>
<p>[/et_pb_text][/et_pb_column][/et_pb_row][/et_pb_section][et_pb_section fb_built=&#8220;1&#8243; admin_label=&#8220;Footer Copyright&#8220; _builder_version=&#8220;4.22.0&#8243; _module_preset=&#8220;default&#8220; background_color=&#8220;#000000&#8243; custom_padding=&#8220;0px||0px||true|false&#8220; collapsed=&#8220;on&#8220; global_colors_info=&#8220;{}&#8220;][et_pb_row _builder_version=&#8220;4.22.0&#8243; _module_preset=&#8220;default&#8220; global_colors_info=&#8220;{}&#8220;][et_pb_column type=&#8220;4_4&#8243; _builder_version=&#8220;4.22.0&#8243; _module_preset=&#8220;default&#8220; global_colors_info=&#8220;{}&#8220;][et_pb_text _builder_version=&#8220;4.22.0&#8243; _dynamic_attributes=&#8220;content&#8220; _module_preset=&#8220;_initial&#8220; text_font_size=&#8220;16px&#8220; text_line_height=&#8220;1.8em&#8220; text_orientation=&#8220;center&#8220; text_font_size_tablet=&#8220;15px&#8220; text_font_size_phone=&#8220;14px&#8220; text_font_size_last_edited=&#8220;on|desktop&#8220; global_colors_info=&#8220;{}&#8220;]@ET-DC@eyJkeW5hbWljIjp0cnVlLCJjb250ZW50IjoiY3VycmVudF9kYXRlIiwic2V0dGluZ3MiOnsiYmVmb3JlIjoiQ29weXJpZ2h0ICZjb3B5OyAiLCJhZnRlciI6IiBEaXZpLiBBbGwgUmlnaHRzIFJlc2VydmVkLiIsImRhdGVfZm9ybWF0IjoiY3VzdG9tIiwiY3VzdG9tX2RhdGVfZm9ybWF0IjoiWSJ9fQ==@[/et_pb_text][/et_pb_column][/et_pb_row][/et_pb_section]</p>

<p>Demenz Vergessen kann vieles sein: Zufall, Verdrängung, Heilung ‑ oder eine Krankheit, die behindert. Fast immer ist es ein Verlust. An Demenz erkrankte Menschen verlieren fortschreitend Aufmerksamkeit, Denken, Sprache, ihren Lebensantrieb, die optische Wahrnehmung oder sogar ihre Persönlichkeit. Das Gefühl für Zeit kann ebenso verschwinden wie die gute Stimmung und soziale Beziehungen. Dennoch haben sie [&hellip;]</p>
