{"id":1136,"date":"2025-01-26T16:33:35","date_gmt":"2025-01-26T15:33:35","guid":{"rendered":"https:\/\/www.alzheimer-radebeul.de\/?page_id=1136"},"modified":"2025-01-26T19:36:27","modified_gmt":"2025-01-26T18:36:27","slug":"start","status":"publish","type":"page","link":"https:\/\/www.alzheimer-radebeul.de\/start\/","title":{"rendered":"Start"},"content":{"rendered":"<p>[et_pb_section fb_built=&#8220;1&#8243; admin_label=&#8220;Header&#8220; _builder_version=&#8220;4.27.4&#8243; _module_preset=&#8220;default&#8220; use_background_color_gradient=&#8220;on&#8220; background_color_gradient_direction=&#8220;196deg&#8220; background_color_gradient_stops=&#8220;rgba(0,0,0,0.4) 0%|rgba(0,0,0,0.4) 100%&#8220; background_color_gradient_overlays_image=&#8220;on&#8220; background_image=&#8220;https:\/\/www.alzheimer-radebeul.de\/wp-content\/uploads\/Gartentag-Alzheimer-Ges.jpg&#8220; max_width=&#8220;100%&#8220; custom_padding=&#8220;8vw||8vw||true|false&#8220; locked=&#8220;off&#8220; collapsed=&#8220;on&#8220; global_colors_info=&#8220;{}&#8220; max_height__hover_enabled=&#8220;off|desktop&#8220;][et_pb_row _builder_version=&#8220;4.22.0&#8243; _module_preset=&#8220;default&#8220; global_colors_info=&#8220;{}&#8220;][et_pb_column type=&#8220;4_4&#8243; _builder_version=&#8220;4.22.0&#8243; _module_preset=&#8220;default&#8220; global_colors_info=&#8220;{}&#8220;][et_pb_text _builder_version=&#8220;4.27.4&#8243; _module_preset=&#8220;_initial&#8220; header_font=&#8220;||||||||&#8220; header_text_color=&#8220;#FFFFFF&#8220; header_font_size=&#8220;56px&#8220; header_line_height=&#8220;1.2em&#8220; header_font_size_tablet=&#8220;40px&#8220; header_font_size_phone=&#8220;24px&#8220; header_font_size_last_edited=&#8220;on|desktop&#8220; global_colors_info=&#8220;{}&#8220;]<\/p>\n<h1>Alzheimer Gesellschaft Radebeul &#8211; Mei\u00dfner Land e.V.<\/h1>\n<p>[\/et_pb_text][\/et_pb_column][\/et_pb_row][\/et_pb_section][et_pb_section fb_built=&#8220;1&#8243; admin_label=&#8220;Testimonials&#8220; _builder_version=&#8220;4.22.0&#8243; _module_preset=&#8220;default&#8220; locked=&#8220;off&#8220; collapsed=&#8220;on&#8220; global_colors_info=&#8220;{}&#8220;][et_pb_row _builder_version=&#8220;4.22.0&#8243; _module_preset=&#8220;default&#8220; global_colors_info=&#8220;{}&#8220;][et_pb_column type=&#8220;4_4&#8243; _builder_version=&#8220;4.22.0&#8243; _module_preset=&#8220;default&#8220; global_colors_info=&#8220;{}&#8220;][et_pb_text _builder_version=&#8220;4.27.4&#8243; _module_preset=&#8220;_initial&#8220; header_2_font=&#8220;||||||||&#8220; header_2_font_size=&#8220;52px&#8220; header_2_line_height=&#8220;1.4em&#8220; text_orientation=&#8220;center&#8220; header_2_font_size_tablet=&#8220;32px&#8220; header_2_font_size_phone=&#8220;20px&#8220; header_2_font_size_last_edited=&#8220;on|desktop&#8220; global_colors_info=&#8220;{}&#8220;]<\/p>\n<h2 style=\"text-align: left;\">Wir sind an Ihrer Seite<\/h2>\n<p>[\/et_pb_text][\/et_pb_column][\/et_pb_row][et_pb_row _builder_version=&#8220;4.22.0&#8243; _module_preset=&#8220;default&#8220; global_colors_info=&#8220;{}&#8220;][et_pb_column type=&#8220;4_4&#8243; _builder_version=&#8220;4.22.0&#8243; _module_preset=&#8220;default&#8220; global_colors_info=&#8220;{}&#8220;][et_pb_text _builder_version=&#8220;4.27.4&#8243; _module_preset=&#8220;default&#8220; text_font_size=&#8220;16px&#8220; global_colors_info=&#8220;{}&#8220;]<\/p>\n<p>Die Diagnose Demenz bedeutet Ver\u00e4nderung. F\u00fcr Sie, Ihre Familie, Ihre Beziehungen. Wir sind als Kooperationspartner des Infopunktes Demenz und Pflege des Familienzentrums Radebeul hier, um Sie auf diesem Weg zu unterst\u00fctzen.\u00a0<\/p>\n<p class=\"whitespace-pre-wrap break-words\">Demenz ist mehr als ein medizinischer Begriff \u2013 es geht um Menschen. Unsere Gesellschaft will den Blick in der \u00d6ffentlichkeit neu justieren: weg von Mitleid, hin zu Verst\u00e4ndnis und echter Teilhabe. Menschen mit Demenz sind mehr als ihre Erkrankung. Sie haben Geschichten, Gef\u00fchle, Pers\u00f6nlichkeit.<\/p>\n<p class=\"whitespace-pre-wrap break-words\">Wir setzen uns daf\u00fcr ein, dass Betroffene nicht ausgegrenzt, sondern einbezogen werden. In Familien, Nachbarschaften, der Gesellschaft. Unser Ziel ist ein respektvoller Umgang, der W\u00fcrde und Menschlichkeit in den Mittelpunkt stellt.<\/p>\n<p class=\"whitespace-pre-wrap break-words\">Gemeinsam k\u00f6nnen wir Vorurteile abbauen.<\/p>\n<p>&nbsp;<\/p>\n<p>[\/et_pb_text][\/et_pb_column][\/et_pb_row][\/et_pb_section]<\/p>\n","protected":false},"excerpt":{"rendered":"<p>Alzheimer Gesellschaft Radebeul &#8211; Mei\u00dfner Land e.V.Wir sind an Ihrer SeiteDie Diagnose Demenz bedeutet Ver\u00e4nderung. F\u00fcr Sie, Ihre Familie, Ihre Beziehungen. Wir sind als Kooperationspartner des Infopunktes Demenz und Pflege des Familienzentrums Radebeul hier, um Sie auf diesem Weg zu unterst\u00fctzen.\u00a0 Demenz ist mehr als ein medizinischer Begriff \u2013 es geht um Menschen. Unsere Gesellschaft [&hellip;]<\/p>\n","protected":false},"author":3,"featured_media":0,"parent":0,"menu_order":0,"comment_status":"closed","ping_status":"closed","template":"","meta":{"_et_pb_use_builder":"on","_et_pb_old_content":"","_et_gb_content_width":"","footnotes":""},"class_list":["post-1136","page","type-page","status-publish","hentry"],"_links":{"self":[{"href":"https:\/\/www.alzheimer-radebeul.de\/start\/wp-json\/wp\/v2\/pages\/1136","targetHints":{"allow":["GET"]}}],"collection":[{"href":"https:\/\/www.alzheimer-radebeul.de\/start\/wp-json\/wp\/v2\/pages"}],"about":[{"href":"https:\/\/www.alzheimer-radebeul.de\/start\/wp-json\/wp\/v2\/types\/page"}],"author":[{"embeddable":true,"href":"https:\/\/www.alzheimer-radebeul.de\/start\/wp-json\/wp\/v2\/users\/3"}],"replies":[{"embeddable":true,"href":"https:\/\/www.alzheimer-radebeul.de\/start\/wp-json\/wp\/v2\/comments?post=1136"}],"version-history":[{"count":13,"href":"https:\/\/www.alzheimer-radebeul.de\/start\/wp-json\/wp\/v2\/pages\/1136\/revisions"}],"predecessor-version":[{"id":1207,"href":"https:\/\/www.alzheimer-radebeul.de\/start\/wp-json\/wp\/v2\/pages\/1136\/revisions\/1207"}],"wp:attachment":[{"href":"https:\/\/www.alzheimer-radebeul.de\/start\/wp-json\/wp\/v2\/media?parent=1136"}],"curies":[{"name":"wp","href":"https:\/\/api.w.org\/{rel}","templated":true}]}}

<p>[et_pb_section fb_built=&#8220;1&#8243; admin_label=&#8220;Header&#8220; _builder_version=&#8220;4.27.4&#8243; _module_preset=&#8220;default&#8220; use_background_color_gradient=&#8220;on&#8220; background_color_gradient_direction=&#8220;196deg&#8220; background_color_gradient_stops=&#8220;rgba(0,0,0,0.4) 0%|rgba(0,0,0,0.4) 100%&#8220; background_color_gradient_overlays_image=&#8220;on&#8220; background_image=&#8220;https://www.alzheimer-radebeul.de/wp-content/uploads/Gartentag-Alzheimer-Ges.jpg&#8220; max_width=&#8220;100%&#8220; custom_padding=&#8220;8vw||8vw||true|false&#8220; locked=&#8220;off&#8220; collapsed=&#8220;on&#8220; global_colors_info=&#8220;{}&#8220; max_height__hover_enabled=&#8220;off|desktop&#8220;][et_pb_row _builder_version=&#8220;4.22.0&#8243; _module_preset=&#8220;default&#8220; global_colors_info=&#8220;{}&#8220;][et_pb_column type=&#8220;4_4&#8243; _builder_version=&#8220;4.22.0&#8243; _module_preset=&#8220;default&#8220; global_colors_info=&#8220;{}&#8220;][et_pb_text _builder_version=&#8220;4.27.4&#8243; _module_preset=&#8220;_initial&#8220; header_font=&#8220;||||||||&#8220; header_text_color=&#8220;#FFFFFF&#8220; header_font_size=&#8220;56px&#8220; header_line_height=&#8220;1.2em&#8220; header_font_size_tablet=&#8220;40px&#8220; header_font_size_phone=&#8220;24px&#8220; header_font_size_last_edited=&#8220;on|desktop&#8220; global_colors_info=&#8220;{}&#8220;]</p>
<h1>Alzheimer Gesellschaft Radebeul &#8211; Meißner Land e.V.</h1>
<p>[/et_pb_text][/et_pb_column][/et_pb_row][/et_pb_section][et_pb_section fb_built=&#8220;1&#8243; admin_label=&#8220;Testimonials&#8220; _builder_version=&#8220;4.22.0&#8243; _module_preset=&#8220;default&#8220; locked=&#8220;off&#8220; collapsed=&#8220;on&#8220; global_colors_info=&#8220;{}&#8220;][et_pb_row _builder_version=&#8220;4.22.0&#8243; _module_preset=&#8220;default&#8220; global_colors_info=&#8220;{}&#8220;][et_pb_column type=&#8220;4_4&#8243; _builder_version=&#8220;4.22.0&#8243; _module_preset=&#8220;default&#8220; global_colors_info=&#8220;{}&#8220;][et_pb_text _builder_version=&#8220;4.27.4&#8243; _module_preset=&#8220;_initial&#8220; header_2_font=&#8220;||||||||&#8220; header_2_font_size=&#8220;52px&#8220; header_2_line_height=&#8220;1.4em&#8220; text_orientation=&#8220;center&#8220; header_2_font_size_tablet=&#8220;32px&#8220; header_2_font_size_phone=&#8220;20px&#8220; header_2_font_size_last_edited=&#8220;on|desktop&#8220; global_colors_info=&#8220;{}&#8220;]</p>
<h2 style="text-align: left;">Wir sind an Ihrer Seite</h2>
<p>[/et_pb_text][/et_pb_column][/et_pb_row][et_pb_row _builder_version=&#8220;4.22.0&#8243; _module_preset=&#8220;default&#8220; global_colors_info=&#8220;{}&#8220;][et_pb_column type=&#8220;4_4&#8243; _builder_version=&#8220;4.22.0&#8243; _module_preset=&#8220;default&#8220; global_colors_info=&#8220;{}&#8220;][et_pb_text _builder_version=&#8220;4.27.4&#8243; _module_preset=&#8220;default&#8220; text_font_size=&#8220;16px&#8220; global_colors_info=&#8220;{}&#8220;]</p>
<p>Die Diagnose Demenz bedeutet Veränderung. Für Sie, Ihre Familie, Ihre Beziehungen. Wir sind als Kooperationspartner des Infopunktes Demenz und Pflege des Familienzentrums Radebeul hier, um Sie auf diesem Weg zu unterstützen. </p>
<p class="whitespace-pre-wrap break-words">Demenz ist mehr als ein medizinischer Begriff – es geht um Menschen. Unsere Gesellschaft will den Blick in der Öffentlichkeit neu justieren: weg von Mitleid, hin zu Verständnis und echter Teilhabe. Menschen mit Demenz sind mehr als ihre Erkrankung. Sie haben Geschichten, Gefühle, Persönlichkeit.</p>
<p class="whitespace-pre-wrap break-words">Wir setzen uns dafür ein, dass Betroffene nicht ausgegrenzt, sondern einbezogen werden. In Familien, Nachbarschaften, der Gesellschaft. Unser Ziel ist ein respektvoller Umgang, der Würde und Menschlichkeit in den Mittelpunkt stellt.</p>
<p class="whitespace-pre-wrap break-words">Gemeinsam können wir Vorurteile abbauen.</p>
<p>&nbsp;</p>
<p>[/et_pb_text][/et_pb_column][/et_pb_row][/et_pb_section]</p>

<p>Alzheimer Gesellschaft Radebeul &#8211; Meißner Land e.V.Wir sind an Ihrer SeiteDie Diagnose Demenz bedeutet Veränderung. Für Sie, Ihre Familie, Ihre Beziehungen. Wir sind als Kooperationspartner des Infopunktes Demenz und Pflege des Familienzentrums Radebeul hier, um Sie auf diesem Weg zu unterstützen.  Demenz ist mehr als ein medizinischer Begriff – es geht um Menschen. Unsere Gesellschaft [&hellip;]</p>
